r of 227 and 101.
1
What is the greatest common divisor of 958 and 29219?
479
Calculate the highest common factor of 880 and 368.
16
Calculate the highest common divisor of 245 and 11580.
5
Calculate the highest common divisor of 578721 and 286.
143
What is the highest common factor of 5542305 and 15?
15
Calculate the highest common divisor of 1086897 and 3.
3
What is the highest common divisor of 25103 and 338?
13
What is the highest common factor of 3073 and 28096?
439
Calculate the greatest common divisor of 96895 and 20.
5
What is the greatest common divisor of 917 and 1148?
7
What is the greatest common divisor of 1431 and 531?
9
Calculate the greatest common factor of 805 and 5138.
7
What is the greatest common divisor of 129048 and 12?
12
What is the highest common divisor of 39 and 86385?
39
Calculate the greatest common divisor of 50179 and 16541.
139
What is the highest common divisor of 1312 and 3034?
82
Calculate the highest common factor of 143676 and 34632.
468
What is the highest common divisor of 106732 and 4?
4
Calculate the greatest common factor of 8888 and 4646.
202
Calculate the highest common divisor of 425 and 5400.
25
What is the highest common factor of 392 and 10927?
49
Calculate the greatest common divisor of 112 and 55923.
7
Calculate the greatest common divisor of 3852 and 156862.
214
What is the highest common factor of 33168 and 13584?
48
What is the highest common factor of 114759 and 123?
123
What is the greatest common divisor of 105 and 5901?
21
Calculate the greatest common factor of 5140 and 3888.
4
What is the highest common factor of 63 and 56847?
21
What is the highest common divisor of 20145 and 255?
255
What is the greatest common factor of 16 and 5603?
1
Calculate the greatest common factor of 31966 and 5082.
22
What is the greatest common divisor of 2669 and 6834?
17
Calculate the greatest common factor of 7448 and 287.
7
Calculate the highest common factor of 2670 and 3555105.
1335
Calculate the highest common divisor of 4498 and 1261.
13
What is the greatest common divisor of 79086 and 126?
42
What is the highest common divisor of 66 and 63393?
33
Calculate the greatest common divisor of 31920 and 3024.
336
What is the greatest common factor of 2 and 182995?
1
What is the highest common divisor of 1162427 and 343?
343
What is the highest common factor of 72 and 1941894?
18
What is the greatest common divisor of 428 and 6972?
4
What is the highest common divisor of 3383233 and 2247?
749
What is the highest common divisor of 133 and 36442?
133
What is the highest common divisor of 276 and 136?
4
Calculate the greatest common factor of 6973 and 95.
19
Calculate the highest common factor of 176 and 109857.
11
What is the greatest common divisor of 1664 and 4537?
13
Calculate the highest common factor of 60 and 1974270.
30
Calculate the greatest common divisor of 7 and 80059.
7
What is the highest common divisor of 4536 and 11193?
21
What is the greatest common factor of 82 and 3496562?
82
What is the greatest common divisor of 53472 and 276?
12
Calculate the greatest common factor of 110649 and 693.
231
What is the highest common factor of 34831 and 183?
61
What is the greatest common factor of 16668702 and 131?
131
Calculate the highest common factor of 54230 and 2398.
22
Calculate the highest common factor of 374868 and 9.
9
Calculate the highest common divisor of 36926 and 148.
74
Calculate the highest common factor of 225 and 16450.
25
Calculate the highest common factor of 3135 and 38247.
627
Calculate the highest common divisor of 2379 and 33657.
39
What is the highest common divisor of 1781 and 548?
137
Calculate the highest common divisor of 104522 and 22.
22
Calculate the greatest common factor of 3188149 and 43.
43
What is the highest common divisor of 220618 and 94?
94
Calculate the greatest common factor of 456692 and 17272.
508
Calculate the highest common factor of 2147 and 152.
19
Calculate the greatest common factor of 6480 and 120.
120
Calculate the greatest common divisor of 19344 and 112.
16
Calculate the greatest common divisor of 4340 and 1330.
70
Calculate the greatest common factor of 1070 and 3612855.
535
Calculate the highest common divisor of 80 and 3920.
80
Calculate the greatest common factor of 3630 and 5910.
30
What is the highest common factor of 187 and 26202?
11
What is the greatest common factor of 104 and 221000?
104
What is the greatest common factor of 11 and 25157?
11
What is the greatest common divisor of 5350 and 40350?
50
What is the highest common factor of 45967 and 731?
43
Calculate the greatest common factor of 18 and 38880.
18
What is the greatest common divisor of 9057315 and 15?
15
What is the highest common divisor of 14840 and 6440?
280
What is the greatest common factor of 45 and 285021?
9
What is the highest common factor of 255749 and 721?
103
Calculate the greatest common divisor of 44 and 87912.
44
Calculate the greatest common divisor of 1452 and 8591.
121
Calculate the greatest common factor of 724437 and 7.
7
What is the highest common factor of 828425 and 975?
325
Calculate the highest common divisor of 65 and 1278680.
65
What is the greatest common factor of 996 and 2388?
12
Calculate the greatest common factor of 44 and 5324.
44
Calculate the greatest common divisor of 1605 and 23754.
321
What is the greatest common factor of 200 and 2625?
25
Calculate the greatest common factor of 118 and 5248994.
118
What is the greatest common divisor of 1736 and 2028082?
434
Calculate the highest common factor of 3454 and 942.
314
What is the highest common divisor of 17039 and 11?
11
What is the greatest common factor of 28 and 3565716?
28
Calculate the highest common factor of 170 and 60945.
85
Calculate the highest common factor of 5552 and 192.
16
What is the highest common divisor of 30708 and 1737561?
2559
Calculate the greatest common divisor of 272232 and 6156.
684
What is the greatest common factor of 15 and 110895?
15
Calculate the greatest common factor of 15504 and 14484.
204
Calculate the highest common factor of 119221 and 51.
17
Calculate the highest common divisor of 216372 and 684.
228
What is the highest common factor of 51 and 69870?
51
Calculate the highest common factor of 62814 and 8178.
174
What is the greatest common divisor of 2051 and 525?
7
What is the greatest common factor of 3822 and 1222?
26
Calculate the greatest common factor of 72820 and 836.
44
What is the highest common divisor of 7308 and 1414?
14
Calculate the greatest common factor of 99294 and 104.
26
Calculate the highest common factor of 22181 and 7033.
541
What is the highest common factor of 50514 and 9?
3
What is the greatest common divisor of 352 and 218603?
11
What is the greatest common divisor of 256336 and 7400?
296
What is the greatest common factor of 27 and 35169?
3
Calculate the highest common factor of 10317 and 969.
57
Calculate the highest common factor of 31915 and 13.
13
What is the highest common factor of 30875 and 250?
125
What is the highest common factor of 110334 and 29607?
213
Calculate the greatest common factor of 32 and 2569232.
16
What is the highest common factor of 1620 and 60?
60
Calculate the greatest common divisor of 944 and 19288.
8
Calculate the greatest common divisor of 517697 and 5765.
1153
What is the greatest common factor of 200970 and 105?
105
Calculate the greatest common divisor of 246814 and 2.
2
What is the greatest common factor of 60273 and 666?
333
What is the greatest common divisor of 154328 and 16?
8
What is the greatest common divisor of 216 and 59580?
36
Calculate the greatest common factor of 563430 and 90.
30
Calculate the highest common factor of 187616 and 312.
104
Calculate the greatest common factor of 5 and 82934.
1
Calculate the highest common factor of 69 and 45270.
3
What is the highest common factor of 656078 and 226?
226
What is the greatest common factor of 96 and 2500384?
32
Calculate the highest common divisor of 57 and 16473.
57
Calculate the highest common factor of 148 and 405742.
74
What is the greatest common divisor of 1223706 and 198?
66
What is the greatest common divisor of 1613338 and 316?
158
What is the greatest common divisor of 2560 and 7840?
160
What is the greatest common fa